divided by 127?
123
Calculate the remainder when 380 is divided by 209.
171
Calculate the remainder when 33365 is divided by 142.
137
Calculate the remainder when 750 is divided by 140.
50
Calculate the remainder when 7006 is divided by 176.
142
What is the remainder when 42598 is divided by 21207?
184
Calculate the remainder when 411014 is divided by 33.
32
Calculate the remainder when 32017 is divided by 158.
101
Calculate the remainder when 130860 is divided by 2.
0
What is the remainder when 3498765 is divided by 54?
51
Calculate the remainder when 519074 is divided by 78.
62
What is the remainder when 4906 is divided by 1633?
7
Calculate the remainder when 2772 is divided by 306.
18
Calculate the remainder when 2093 is divided by 563.
404
Calculate the remainder when 9699 is divided by 77.
74
What is the remainder when 672 is divided by 304?
64
What is the remainder when 7213 is divided by 185?
183
What is the remainder when 25000 is divided by 15?
10
Calculate the remainder when 428809 is divided by 214392.
25
Calculate the remainder when 71295 is divided by 792.
15
Calculate the remainder when 24042 is divided by 4787.
107
Calculate the remainder when 10719 is divided by 833.
723
What is the remainder when 585631 is divided by 4306?
15
Calculate the remainder when 3072 is divided by 23.
13
What is the remainder when 565 is divided by 138?
13
Calculate the remainder when 4192 is divided by 191.
181
Calculate the remainder when 78900 is divided by 13150.
0
What is the remainder when 1028 is divided by 252?
20
Calculate the remainder when 275686 is divided by 168.
166
What is the remainder when 3606 is divided by 151?
133
What is the remainder when 6158 is divided by 1479?
242
Calculate the remainder when 583853 is divided by 401.
398
Calculate the remainder when 23279 is divided by 3002.
2265
What is the remainder when 37343 is divided by 9107?
915
Calculate the remainder when 428242 is divided by 281.
279
What is the remainder when 1087064 is divided by 15?
14
Calculate the remainder when 2680 is divided by 217.
76
Calculate the remainder when 2095 is divided by 162.
151
What is the remainder when 4473 is divided by 1407?
252
Calculate the remainder when 2989 is divided by 1437.
115
Calculate the remainder when 71974 is divided by 3.
1
Calculate the remainder when 275063 is divided by 519.
512
What is the remainder when 155132 is divided by 115?
112
What is the remainder when 1739033 is divided by 26?
23
What is the remainder when 2683 is divided by 271?
244
What is the remainder when 18941 is divided by 18824?
117
Calculate the remainder when 52306 is divided by 329.
324
Calculate the remainder when 13317 is divided by 39.
18
What is the remainder when 8477 is divided by 1053?
53
What is the remainder when 25569 is divided by 213?
9
What is the remainder when 10745 is divided by 54?
53
What is the remainder when 56537 is divided by 28193?
151
What is the remainder when 322319 is divided by 35?
4
Calculate the remainder when 4710 is divided by 942.
0
What is the remainder when 203841 is divided by 1056?
33
What is the remainder when 13324 is divided by 14?
10
What is the remainder when 1182 is divided by 164?
34
Calculate the remainder when 26895 is divided by 2185.
675
Calculate the remainder when 8530 is divided by 159.
103
Calculate the remainder when 35732 is divided by 1880.
12
What is the remainder when 339983 is divided by 332?
15
What is the remainder when 2824517 is divided by 586?
583
Calculate the remainder when 18002 is divided by 1098.
434
What is the remainder when 87117 is divided by 17393?
152
Calculate the remainder when 92955 is divided by 447.
426
What is the remainder when 6061 is divided by 380?
361
Calculate the remainder when 1939 is divided by 190.
39
Calculate the remainder when 780879 is divided by 111554.
1
What is the remainder when 343 is divided by 324?
19
Calculate the remainder when 6618 is divided by 3277.
64
Calculate the remainder when 131051 is divided by 163.
162
What is the remainder when 49750 is divided by 118?
72
Calculate the remainder when 1774 is divided by 201.
166
What is the remainder when 348429 is divided by 48?
45
Calculate the remainder when 7708 is divided by 143.
129
What is the remainder when 7710285 is divided by 1392?
1389
Calculate the remainder when 735 is divided by 290.
155
Calculate the remainder when 36852 is divided by 9185.
112
What is the remainder when 8952 is divided by 39?
21
Calculate the remainder when 1797118 is divided by 390.
388
Calculate the remainder when 20908 is divided by 14.
6
Calculate the remainder when 1263 is divided by 616.
31
What is the remainder when 57920 is divided by 917?
149
Calculate the remainder when 3376837 is divided by 1129.
1127
Calculate the remainder when 526512 is divided by 341.
8
Calculate the remainder when 64323 is divided by 1005.
3
Calculate the remainder when 54928 is divided by 18306.
10
What is the remainder when 827 is divided by 210?
197
Calculate the remainder when 351718 is divided by 25122.
10
What is the remainder when 35166 is divided by 33?
21
What is the remainder when 299141 is divided by 539?
535
What is the remainder when 7152 is divided by 43?
14
What is the remainder when 10640 is divided by 3543?
11
Calculate the remainder when 92655 is divided by 164.
159
Calculate the remainder when 12243 is divided by 25.
18
Calculate the remainder when 22345 is divided by 35.
15
Calculate the remainder when 181847 is divided by 563.
561
What is the remainder when 713 is divided by 65?
63
What is the remainder when 308086 is divided by 198?
196
What is the remainder when 852603 is divided by 54?
51
Calculate the remainder when 164618 is divided by 1568.
1546
What is the remainder when 101112 is divided by 10?
2
Calculate the remainder when 1879 is divided by 59.
50
What is the remainder when 286633 is divided by 71655?
13
Calculate the remainder when 19174 is divided by 102.
100
What is the remainder when 21889 is divided by 64?
1
What is the remainder when 1017501 is divided by 106?
7
What is the remainder when 144372 is divided by 48111?
39
Calculate the remainder when 1106 is divided by 184.
2
What is the remainder when 7232 is divided by 3599?
34
Calculate the remainder when 404293 is divided by 517.
516
Calculate the remainder when 2292247 is divided by 69.
67
Calculate the remainder when 2086 is divided by 425.
386
Calculate the remainder when 30804 is divided by 210.
144
Calculate the remainder when 1526721 is divided by 36.
33
Calculate the remainder when 7699 is divided by 55.
54
What is the remainder when 1019 is divided by 237?
71
What is the remainder when 71669 is divided by 34?
31
What is the remainder when 31977 is divided by 15662?
653
Calculate the remainder when 9842 is divided by 894.
8
Calculate the remainder when 583 is divided by 230.
123
What is the remainder when 117500 is divided by 153?
149
What is the remainder when 6454 is divided by 102?
28
Calculate the remainder when 80830 is divided by 142.
32
Calculate the remainder when 60424 is divided by 863.
14
Calculate the remainder when 1216 is divided by 23.
20
Calculate the remainder when 3446 is divided by 189.
44
What is the remainder when 38428 is divided by 34?
8
Calculate the remainder when 129290 is divided by 1821.
1820
Calculate the remainder when 149 is divided by 44.
17
Calculate the remainder when 161024 is divided by 15.
14
Calculate the remainder when 677562 is divided by 225851.
9
Calculate the remainder when 712 is divided by 410.
302
Calculate the remainder when 1016 is divided by 702.
314
Calculate the remainder when 19308 is divided by 58.
52
What is the remainder when 9026 is divided by 2251?
22
Calculate the remainder when 17045 is divided by 2569.
1631
Calculate the remainder when 3432 is divided by 262.
26
What is the remainder when 5209 is divided by 14?
1
What is the remainder when 9961 is divided by 34?
33
Calculate the remainder when 65348 is divided by 137.
136
Calculate the remainder when 46703 is divided by 168.
167
Calculate the remainder when 193149 is divided by 16.
13
Calculate the remainder when 1760 is divided by 1205.
555
What is the remainder when 254308 is divided by 147?
145
What is the remainder when 28924 is